5. Suppose 1 = -2*s + 5*w, 5*s + w - 67 = -2. Calculate the highest common divisor of f and s.
4
Suppose -5*y = -10, 3*s = -2*s + 5*y + 5. Let d = 5 + s. Calculate the greatest common divisor of 88 and d.
8
Let t(n) = 2*n**2 - 2*n. Suppose -3 = -5*x + 4*x, -9 = 3*c + x. Let g be t(c). What is the highest common divisor of g and 60?
20
Suppose 3*j = -4*g + 880, -4*j - g + 1164 = 2*g. Calculate the highest common factor of j and 16.
16
Let c(w) = -w**3 + 12*w**2 + 20*w + 26. Let z be c(12). What is the highest common divisor of 646 and z?
38
Let f(n) = -5*n + 22*n - 15*n**2 - n - 4*n**3 + 7 + 3*n**3. Let g be f(-16). Calculate the highest common divisor of g and 1.
1
Suppose -4 = 2*r - 4*i, i + 3 = 5*r - 5. Suppose 3*j = 2*y - 20, -3*y - 43 = -6*y - r*j. Calculate the greatest common divisor of 13 and y.
13
Let n be (30 - 6/(-2))*-1. Let m = n - -34. What is the greatest common divisor of m and 2?
1
Let i = -30 + 33. Suppose i*v + 4*g = 370, 234 + 46 = 2*v - 4*g. Calculate the highest common divisor of 10 and v.
10
Let i be (-10720)/(-352) + 6/11 + 0. Suppose -4*w + 101 = -891. What is the greatest common factor of i and w?
31
Let m(y) = -2 - 2 + 2 + 3 - y. Let s(o) = -5*o - 4. Let i(g) = 4*m(g) - s(g). Let u be i(0). What is the greatest common divisor of u and 8?
8
Suppose 0 = -4*r - 5*b - 7, 5*r - 4*b = -7*b + 1. Suppose -r*p + 4*t = -722, 2*t - 3*t = 2*p - 727. What is the greatest common factor of 33 and p?
33
Suppose -2*f + 5*f - 3*d - 18 = 0, 2*f + 5*d = -2. Suppose 0*w - f*w + 32 = 0. What is the highest common divisor of w and 36?
4
Let i(d) be the second derivative of -d**3/6 + 3*d**2/2 + 2*d + 2. Let h be i(-10). Calculate the greatest common factor of h and 91.
13
Suppose 4*y - 34 = 38. Let i = 22 + -20. Suppose 0 = 5*b - i*b - 18. Calculate the greatest common factor of y and b.
6
Let x(v) = -v**3 + 11*v**2 - 20*v - 16. Let z be x(7). Calculate the greatest common factor of 140 and z.
20
Suppose v - 62 = -v. Let q = 45 - v. Suppose 2*f - 2*y = 86, -2*f + 3*y = -90 + 3. Calculate the greatest common factor of f and q.
14
Suppose -2*k + 35 = 3*h, 3*k + 3*h = -0*h + 57. Suppose 0 = -s - 11 + k. Calculate the greatest common factor of s and 55.
11
Let a(m) = 2*m**3 - m**2 + 21*m - 106. Let r be a(4). Calculate the greatest common factor of 80 and r.
10
Let z be (-16)/3*27/(-18). Let k(a) = 2*a + 18. Suppose 13 + 12 = -5*q. Let h be k(q). Calculate the highest common divisor of z and h.
8
Let b = 425 + -401. Suppose 3*m = 2*j - 51 + 12, 2*m = -j + 2. Calculate the highest common divisor of b and j.
12
Suppose 5*l = -4*m - 26, 3*m - 4*m = -4*l - 4. Let s be l/6*-6 - -5. Calculate the highest common factor of 189 and s.
7
Let i be ((-4158)/(-28))/27 - 5/(-2). Calculate the greatest common factor of i and 488.
8
Suppose 0*m = 2*m + 2*n - 118, -5*n = 3*m - 185. Suppose -3*b + 0*b + 33 = 0. Calculate the greatest common factor of m and b.
11
Let b(p) = 560*p**3 + 3*p**2 + 14*p - 13. Let w be b(1). What is the highest common divisor of 141 and w?
141
Let c = -27 + -66. Let s be c/(-6) - (-4)/(-8). Suppose -2*j - 2*j + s = 5*u, 3*j - u = 35. Calculate the highest common factor of j and 20.
10
Suppose -5*i - 4*v + 306 = 0, 2*i - v = -4*v + 128. Calculate the highest common divisor of i and 493.
29
Let b(x) = -x**3 - 4*x + 25*x - 7*x**2 - 11*x + 3. Let y be b(-9). Calculate the greatest common divisor of y and 15.
15
Let z(p) = 5*p - 13. Let y be z(17). Let o(g) = -g**3 + 10*g**2 - 8*g - 3. Let l be o(9). Calculate the greatest common factor of l and y.
6
Suppose -8 = 2*j - 4*a, j - 5*a = -7*a + 16. Calculate the greatest common factor of 57 and j.
3
Let i = -117 + 167. Suppose 49 = 2*q + 5*o, 3*q - i = 2*o + 33. Calculate the highest common divisor of 9 and q.
9
Let k be (-2)/3 + 5511/99. What is the greatest common factor of k and 440?
55
Let m = 68 - -642. What is the greatest common divisor of m and 10?
10
Suppose 2*f - 31 = -117. Let z = 57 + f. Calculate the highest common divisor of 35 and z.
7
Let p(l) = l**3 + 21*l**2 + l + 27. Let y be p(-21). Suppose -y*g + 437 = -1477. Calculate the highest common divisor of g and 29.
29
Let u(t) = -4*t**2 - 6*t - 6. Let k be u(-3). Let f = 124 + k. Calculate the greatest common divisor of 20 and f.
20
Let o = -20 + 26. Suppose o*u - 16 = 3*u - 2*d, 0 = -5*u + 2*d + 16. What is the greatest common divisor of u and 32?
4
Let r(h) = -h**2 + 10*h - 5. Let p be r(5). Let d = -133 - -189. Suppose -9*z - 11 + d = 0. What is the highest common divisor of p and z?
5
Suppose 5*a = 4*w + 110, 0 = 2*w + 4*a - 2*a + 46. Let m be ((-19630)/w)/((-2)/10). Let d be (-2)/5 - m/65. What is the highest common factor of 6 and d?
6
Suppose 868*a - 874*a = -66. Calculate the highest common factor of 33 and a.
11
Let n be (-79 + 11 - 0/2)/(-1). Calculate the greatest common factor of n and 119.
17
Let p(w) = -99*w + 5. Let x be p(-1). What is the highest common factor of 8 and x?
8
Let z = 24 - 19. Suppose -z*h + 64 = -101. What is the highest common factor of 99 and h?
33
Suppose 46 = h + 39. Let y be 3 - 0 - 3 - -7. Suppose -b + y = -h. What is the highest common divisor of 14 and b?
14
Let w be (-219)/(-4) + 85/340. Calculate the greatest common factor of w and 1595.
55
Let u = -422 + 437. What is the greatest common factor of u and 30?
15
Suppose 24*m + 1122 = 30*m. Calculate the greatest common divisor of m and 11.
11
Suppose -2*o - 5*c = -8*c - 89, -4*o + 4*c = -172. Suppose 25 = -0*s + 5*s. Calculate the highest common factor of s and o.
5
Suppose -o + 80 = 76. Suppose 3*k = 2*k - 3. Let u = k - -7. What is the highest common divisor of u and o?
4
Let w be (-6 - (8 + -8))/(2/(-7)). What is the greatest common factor of w and 399?
21
Let y = -160 + 292. Calculate the highest common factor of y and 44.
44
Let d(a) = 32*a + 148. Let g be d(-4). What is the highest common divisor of 1450 and g?
10
Suppose -25*g + 569 = -831. What is the greatest common divisor of g and 182?
14
Let o be 5 - ((-1968)/4 - -7). Calculate the greatest common divisor of 35 and o.
35
Let k = 4 + -10. Let q be -4*(27/k + -1). Calculate the greatest common divisor of q and 2.
2
Suppose 105 = -3*c + 135. Suppose 0 = 2*w + 5*u - 10 + 2, -4*w = -4*u - 16. Calculate the greatest common divisor of c and w.
2
Let d = -64 + 141. Let t = -196 - -207. What is the greatest common divisor of d and t?
11
Let i(u) = -5*u. Let m be i(-2). Suppose 28 + 12 = 4*r - 5*y, -4*y + m = r. Calculate the greatest common factor of r and 110.
10
Let f(o) = o**3 - 21*o**2 - 24*o + 88. Let x be f(22). What is the highest common divisor of x and 154?
22
Suppose g - 17 = -5*t - 5, 4*g + 2*t = -24. Let u(d) = 2*d**3 + 16*d**2 - 3*d. Let a be u(g). Calculate the greatest common divisor of a and 12.
12
Let t be -2 - (0 - 5) - 1. Let o be ((-3)/5)/((-6)/30). Suppose -4*m + o = -5. Calculate the highest common divisor of t and m.
2
Let m = 5 - 1. Suppose -u = -4*r + 2*u - 14, 2*r + 12 = m*u. Let k = r + 18. What is the highest common divisor of k and 112?
16
Let f(t) = t**3 - t**2 + 4*t - 3. Suppose -2*n + 2 + 4 = 4*o, -4*o + 3*n + 11 = 0. Let j be f(o). Calculate the highest common divisor of 36 and j.
9
Let v be (-9)/(-6) + (-930)/(-12). Calculate the greatest common factor of v and 79.
79
Let k = 126 + 773. What is the greatest common divisor of k and 31?
31
Suppose 6*p = 126 + 78. Let q be (-2)/(3 + p/(-11)). Calculate the highest common factor of q and 22.
22
Suppose 0 = -2*f - 56 + 488. What is the greatest common divisor of 24 and f?
24
Let i = -73 + 515. What is the highest common divisor of 68 and i?
34
Let o be 2 - ((-1 - 0) + -3). Let f = 11 - o. What is the highest common factor of f and 10?
5
Suppose 3*j + 2*j = 3*a + 320, -256 = -4*j + 3*a. What is the greatest common factor of j and 256?
64
Let r = -58 - -103. Let x = -27 + r. Let w(k) = -2*k + 3. Let i be w(-3). What is the highest common factor of i and x?
9
Suppose -3*x = m, 2*m + 3*m + 18 = 3*x. Let w(u) = 4*u. Let l be w(x). Suppose l*g - 122 = -26. What is the greatest common divisor of 48 and g?
24
Let m be (49/28)/((-393)/132 - -3). Calculate the greatest common factor of m and 616.
77
Let c(q) = 2*q**2 - 1. Let k be c(1). Suppose -b = -4 + k. Suppose -160 = -b*s - s. Calculate the greatest common divis